{"id":24,"date":"2022-04-07T09:54:28","date_gmt":"2022-04-07T09:54:28","guid":{"rendered":"https:\/\/collab.issibern.ch\/universaltracerportal\/?page_id=24"},"modified":"2024-03-26T09:41:32","modified_gmt":"2024-03-26T09:41:32","slug":"participants","status":"publish","type":"page","link":"https:\/\/collab.issibern.ch\/universaltracerportal\/participants\/","title":{"rendered":"Participants"},"content":{"rendered":"<p>Working Group members currently include:<\/p>\n<ul>\n<li><strong>Inge Loes ten Kate (Utrecht University) \u2013 WG Lead<\/strong><\/li>\n<li><strong>Lena Noack (Freie Universit\u00e4t Berlin) \u2013 WG Lead<\/strong><\/li>\n<li><strong>Emmanuelle Javaux (Universit\u00e9 de Li\u00e8ge) \u2013 WG Lead<\/strong><\/li>\n<li>Mickael Bacqu\u00e9 (DLR)<\/li>\n<li>Charles Cockell (University of Edinburgh)<\/li>\n<li>Vinciane Debaille (Universit\u00e9 Libre de Bruxelles)<\/li>\n<li>Lee Grenfell (DLR)<\/li>\n<li>Christophe Malaterre (Universit\u00e9 du Qu\u00e9bec \u00e0 Montr\u00e9al)<\/li>\n<li>Sean McMahon (University of Edinburgh)<\/li>\n<li>Lucas Patty\u00a0(University of Bern)<\/li>\n<li>Frank Postberg\u00a0(Freie Universit\u00e4t Berlin)<\/li>\n<\/ul>\n<p>&nbsp;<\/p>\n<p><em>Last update: March 26, 2024<\/em><\/p>\n<p>&nbsp;<\/p>\n","protected":false},"excerpt":{"rendered":"<p>Working Group members currently include: Inge Loes ten Kate (Utrecht University) \u2013 WG Lead Lena Noack (Freie Universit\u00e4t Berlin) \u2013 WG Lead Emmanuelle Javaux (Universit\u00e9 de Li\u00e8ge) \u2013 WG Lead Mickael Bacqu\u00e9 (DLR) Charles Cockell (University of Edinburgh) Vinciane Debaille (Universit\u00e9 Libre de Bruxelles) Lee Grenfell (DLR) Christophe Malaterre (Universit\u00e9 du Qu\u00e9bec \u00e0 Montr\u00e9al) Sean [&hellip;]<\/p>\n","protected":false},"author":1,"featured_media":0,"parent":0,"menu_order":0,"comment_status":"closed","ping_status":"closed","template":"","meta":{"footnotes":""},"class_list":["post-24","page","type-page","status-publish","hentry"],"_links":{"self":[{"href":"https:\/\/collab.issibern.ch\/universaltracerportal\/wp-json\/wp\/v2\/pages\/24","targetHints":{"allow":["GET"]}}],"collection":[{"href":"https:\/\/collab.issibern.ch\/universaltracerportal\/wp-json\/wp\/v2\/pages"}],"about":[{"href":"https:\/\/collab.issibern.ch\/universaltracerportal\/wp-json\/wp\/v2\/types\/page"}],"author":[{"embeddable":true,"href":"https:\/\/collab.issibern.ch\/universaltracerportal\/wp-json\/wp\/v2\/users\/1"}],"replies":[{"embeddable":true,"href":"https:\/\/collab.issibern.ch\/universaltracerportal\/wp-json\/wp\/v2\/comments?post=24"}],"version-history":[{"count":6,"href":"https:\/\/collab.issibern.ch\/universaltracerportal\/wp-json\/wp\/v2\/pages\/24\/revisions"}],"predecessor-version":[{"id":60,"href":"https:\/\/collab.issibern.ch\/universaltracerportal\/wp-json\/wp\/v2\/pages\/24\/revisions\/60"}],"wp:attachment":[{"href":"https:\/\/collab.issibern.ch\/universaltracerportal\/wp-json\/wp\/v2\/media?parent=24"}],"curies":[{"name":"wp","href":"https:\/\/api.w.org\/{rel}","templated":true}]}}